735 + (-104546)/(-5)?
2, 5227
Let t(b) = b**3 - 10*b**2 + 15*b - 4. Let h be t(8). Let v(w) = -27*w + 92. What are the prime factors of v(h)?
2, 13
Suppose 0 = -4*x - 3*y + 2594, -53*x - 4*y = -50*x - 1942. Suppose -u = -2 - 36. Suppose -u = -g + 2*t + 87, -5*g + x = -5*t. List the prime factors of g.
3, 5
Let g be ((-5)/2)/(10/(-60)). Suppose 6 = 6*v - 3*v. Suppose v*x + 2184 = g*x. List the prime factors of x.
2, 3, 7
Suppose -18*m + 10*m = -24. Let u(f) = f**3 + f**2 + f + 5. Let g be u(0). Suppose m*j + g*j = 896. List the prime factors of j.
2, 7
Let c(i) = i**2 - 19*i + 49. Let j be c(-15). Let s = j + 91. List the prime factors of s.
2, 5, 13
Let a = 14753 + -6665. What are the prime factors of a?
2, 3, 337
Let g(w) = 3*w - 37. Let t be g(13). Let c(p) = 81*p**2 + 3*p + 3. What are the prime factors of c(t)?
3, 37
Let v = 29 - 24. Suppose w = -v*s + 19, 2*w + 3*s - 21 = -w. Suppose w*p = -2*t + 74, 2*p = -5*t + 2*t + 43. List the prime factors of p.
17
List the prime factors of (-69085)/(-10) + 18/4.
31, 223
Let w(c) = c + 12. Let l be w(-4). Suppose 0 = l*m - 450 - 1582. List the prime factors of m.
2, 127
Let t(h) = -h**3 + 13*h**2 + 2*h - 24. Let x be t(13). Suppose -5*r - 1202 = -x*c, 2*r = -0*c - 2*c + 1230. What are the prime factors of c?
13, 47
Let w(p) = -16*p - 13. Suppose 0 = -y + 3*b - 12, -b + 20 = 3*y - 6*y. What are the prime factors of w(y)?
83
Suppose 0 = m + 5*o - 12958, 84*o + 64790 = 5*m + 80*o. List the prime factors of m.
2, 11, 19, 31
Let h be (0 - 73)*-1 - 0. Let u be h/2 + (-3)/(-6). Suppose -u = s - 2*s. List the prime factors of s.
37
Suppose f + 647 = k + 130, 0 = -f - 4. List the prime factors of k.
3, 19
Suppose -2*g + 4*v + 17 = 3*g, 5*g + 4*v - 33 = 0. Suppose -g*w + 7 = -3. Suppose 3*r - o + 0 = 97, 0 = -w*o - 8. What are the prime factors of r?
31
Let q(f) = 108*f**3 - 4*f**2 + 3*f + 3. Suppose a = -1 + 3. List the prime factors of q(a).
857
Suppose -4*o = -3*j - 7621, -o + 2*j + j + 1894 = 0. Suppose 0 = -3*c + 4*a + o + 3201, 4*c + 4*a = 6804. List the prime factors of c.
2, 23, 37
Let c(n) = -7*n - 41. Let v be c(-13). Suppose 49*g = v*g + 243. Let f = g + 341. List the prime factors of f.
2, 7
Let x(f) be the second derivative of -f**3/6 + 17*f**2 + 8*f. Let o be (-15)/5 + (-3 - -1). What are the prime factors of x(o)?
3, 13
Let r(w) be the second derivative of 10*w**2 + 1/6*w**3 + 16*w + 0. List the prime factors of r(0).
2, 5
Let g(l) = -239*l**2 - 11*l + 22. Let i(n) = -120*n**2 - 6*n + 11. Let h(f) = 2*g(f) - 5*i(f). What are the prime factors of h(3)?
11, 101
Let d = 53 - 43. Suppose 6*a + d - 40 = 0. Suppose 0 = a*n + m - 1045, -2*m + m = -4*n + 836. What are the prime factors of n?
11, 19
Let r(w) = -2106*w - 255. What are the prime factors of r(-2)?
3, 1319
Let q = -52483 + 88285. List the prime factors of q.
2, 3, 13, 17
Let h = -28 - -44. Let y = h - -48. Let m = y + 16. List the prime factors of m.
2, 5
Let k = 2995 - -1127. List the prime factors of k.
2, 3, 229
Suppose 0 = 3*n - t - 44, 49 = 4*n + 4*t + 1. List the prime factors of (n/(-4))/7 + (-54)/(-4).
13
Let t be 30/(-7)*(1 + -337). Suppose t = 75*v - 70*v. What are the prime factors of v?
2, 3
Let n(c) = -c**3 + 53*c**2 + 66*c - 213. What are the prime factors of n(52)?
5923
Suppose 20*q - 19*q = 4010. List the prime factors of q.
2, 5, 401
Let c = 26450 - 13768. What are the prime factors of c?
2, 17, 373
Let n = 60388 - 33501. What are the prime factors of n?
7, 23, 167
Let n(w) = -94*w - 29. Let c(a) = -8*a. Let j(q) = -3*c(q) + n(q). List the prime factors of j(-15).
1021
Let k(y) = -y**3 + 26*y**2 - 15*y + 60. Let o(q) = q**2 - 4*q + 3. Let w be o(-3). List the prime factors of k(w).
2, 3, 71
What are the prime factors of 52176/9*6/4?
2, 1087
Suppose 4*w - 10*a - 44642 = -12*a, -5*w - a + 55807 = 0. What are the prime factors of w?
2, 5581
Let u = -8 - -8. Suppose u = 9*q + q - 30. What are the prime factors of (q + 62)*(-3 + 4)?
5, 13
Let u(h) = h**2 + 97*h - 301. What are the prime factors of u(52)?
11, 677
Let y(n) = -131 + 62 - 10*n + 73 - 9*n. Let t be y(-1). Suppose 0 = 18*z - t*z + 20. List the prime factors of z.
2
Let h(t) = -8*t + 1091. Suppose -3*y + x + 4 = -2*y, 0 = y - 4*x - 16. List the prime factors of h(y).
1091
Suppose 2*u + 4383 = 3*z - u, -5*u = 4*z - 5889. Suppose -3*x + 2*s = -x - z, -4*x + 2938 = -s. What are the prime factors of x?
3, 5, 7
Let d(q) = -q**3 + 9*q**2 - 52*q - 605. List the prime factors of d(-22).
3, 11, 157
Let x(p) = 2*p**3 - 9*p**2 - 12*p + 19. Let w(v) = 10*v - 3. Let n be w(1). List the prime factors of x(n).
2, 3, 5
Let u(k) = -218*k + 1 - 29 + 7 + 6. List the prime factors of u(-2).
421
Suppose -229*j + 230*j = -48126. What are the prime factors of (-4)/((-31928)/j + (-4)/6)?
2, 617
What are the prime factors of 601/(-7 + 644/91)?
13, 601
Let r(g) = -g**3 - 15*g**2 + 16*g + 42. Let t be r(-15). List the prime factors of (-6726)/(-10) - (t/(-30) + -7).
673
Let k(l) = 5*l + 12. Let n be k(-3). Let s be -464*(2/1 + n). Suppose -5*h - 2*z = -597, -4*h - 8*z = -3*z - s. List the prime factors of h.
11
Suppose 3*b = 21, 0 = -2*a + b - 26522 + 125459. List the prime factors of a.
2, 773
Suppose -303135 = -58*m + 272745 + 162344. What are the prime factors of m?
2, 37, 43
Let p(a) = 58*a**2 + 33*a - 150. List the prime factors of p(-11).
5, 1301
Let w(j) = 24617*j**2 + 5*j + 2. What are the prime factors of w(-1)?
2, 31, 397
List the prime factors of (-2 + -2)*115311/(-204).
7, 17, 19
Let y = 473 - -6655. What are the prime factors of y?
2, 3, 11
Let s = -118 + 116. What are the prime factors of (-8 - -2 - -5)/(s/414)?
3, 23
Suppose 3*f - 2*r - 4 = -0*r, 3*f + 4*r + 26 = 0. Let w be 6*((-7)/(-2) - f). Let g = 67 - w. List the prime factors of g.
2, 17
Let k(b) = b**3 - 16*b**2 - 9*b - 24. Let f = -69 - -74. Let a be (-50)/20*(102/f)/(-3). List the prime factors of k(a).
2, 7
Let d be 8*9/(-12)*-1. Suppose -14 = d*q - 2438. List the prime factors of q.
2, 101
Suppose c - t = 2*t + 2831, c = 5*t + 2839. Let w = c + -1263. List the prime factors of w.
2, 389
Let o(i) = 24*i**2 + 40*i - 496. List the prime factors of o(16).
2, 3, 131
Let r be 1 + -3 + 2 + 8/2. Suppose -2*w + 6 = -r. List the prime factors of 1254/12 + w/10.
3, 5, 7
Suppose 4*g - 364 = 336. Suppose -166*x - 5796 = -g*x. List the prime factors of x.
2, 7, 23
Let s(p) = -1 + 11*p**2 - 10*p + 13 + 4*p. Let d be -6*(26/78 + (-1)/1). What are the prime factors of s(d)?
2, 41
Let o = -29947 + 90271. What are the prime factors of o?
2, 3, 11, 457
Let a(j) = 102*j - 62. Let k be a(18). Suppose 12*s = k - 154. List the prime factors of s.
3, 5
Let x be ((-144)/(-84))/(0 + (-4)/(-70)). Let c = 30 - x. Let q = c + 33. What are the prime factors of q?
3, 11
Let a(d) = -4*d**3 - 4*d**2 - 3*d - 12. Let y be a(-5). Suppose -3*r = -2434 + y. List the prime factors of r.
677
Let m(s) = 8 + 3*s**2 + 20 + 19*s + 2*s**2 - 1. What are the prime factors of m(-13)?
5
Suppose -2782 = 5*u + 5*t - 1132, -2*t - 1656 = 5*u. Let y = u - -131. What are the prime factors of y/(-5) + 6/(-30)?
2, 5
List the prime factors of ((-539072)/80)/((-17)/5 - -3).
2, 8423
Let b = -46 - -46. Let i = 3 + b. Suppose -4*j + 20 = -i*j. List the prime factors of j.
2, 5
Suppose 118*x - 5839938 = -44*x. What are the prime factors of x?
13, 47, 59
Suppose -5*v + 3*q + 164966 = 0, 129*q - 124*q = -4*v + 131995. List the prime factors of v.
5, 6599
Let u = 1174 + -118. Let o = 2802 - u. What are the prime factors of o?
2, 3, 97
Let q be (-3)/(15/(-20))*2. Suppose 1 - q = -b - 2*l, 3*b - 5*l - 65 = 0. Suppose b + 90 = 7*i. What are the prime factors of i?
3, 5
What are the prime factors of 4446 - (-416 + 2)/(-18)?
4423
Let d = -13212 + 39613. List the prime factors of d.
17, 1553
Let i(j) = 9*j**2 - 3*j + 2251. List the prime factors of i(0).
2251
Suppose -g - l = g - 41, 0 = 2*g - 3*l - 29. Suppose g = -h + 7. Let q = 17 - h. What are the prime factors of q?
29
List the prime factors of 7 + -272*(1 - 13).
3271
What are the prime factors of 247675/(-15)*(-29)/((-435)/(-18))?
2, 9907
List the prime factors of ((-16414)/6 + 5/(-3))*(-135)/36.
5, 2053
Let y be (-15)/(-45) - 89/(-3). Suppose y*o = 33*o - 3819. List the prime factors of o.
19, 67
Let m(h) = 5*h + 32. Let d = 14 -